(j) = -20*j**2 + 60*j + 57. Let a(r) = -6*r**2 + 21*r + 19. Let k(f) = 17*a(f) - 6*o(f). Calculate the remainder when k(-2) is divided by 14.
3
Suppose -3*p + 703 = 2*p + 4*i, -706 = -5*p - 3*i. Let y(f) = f**2 - 63*f + 187. Let c be y(0). Let a = 211 - c. Calculate the remainder when p is divided by a.
23
Calculate the remainder when 611 is divided by 354/1 - (10/15 - 26/(-6)).
262
Let g(i) = 240*i**3 + 2*i - 2. Let s be g(1). Suppose -8*f - 16*f = -s. What is the remainder when 29 is divided by f?
9
Let h(b) be the third derivative of -b**6/120 + b**5/10 - b**4/12 - b**3/3 - 5*b**2. Let s = -41 + 47. What is the remainder when h(4) is divided by s?
4
Suppose -50*g + 43*g = -2898. Let a = g - 373. What is the remainder when 114 is divided by a?
32
Let g(w) = -86*w - 1159. Suppose 1096 = 11*x - 3*x. Calculate the remainder when x is divided by g(-14).
2
Let k(j) = 8*j - 4. Let b = -45 - -57. Let s(c) = 32*c**2 + c - 2. Calculate the remainder when k(b) is divided by s(1).
30
Let c(w) = 8*w**2 - 21 + 20*w**2 - 11*w**2 + w**3 - 26*w. Suppose 0 = 5*g + 3*i + 90, 42 = -4*g - 3*i - 30. Calculate the remainder when c(g) is divided by 42.
39
Suppose 106*n - 15900 = -83*n + 81057. Calculate the remainder when n is divided by 496.
17
Let q be 351 - 0*5/(-30). Suppose -22*x = -1165 + q. Calculate the remainder when x is divided by 21.
16
Suppose 0 = -4*d - 2*t + 370, 5*d + 39*t = 37*t + 461. What is the remainder when 148 is divided by d?
57
Let x(k) = 93*k**2 + 3628*k + 147. What is the remainder when x(-39) is divided by (22/6)/(3/9)?
9
Suppose -5*f - 39*w + 44*w + 170 = 0, -3*f - w = -78. Calculate the remainder when 353 is divided by f.
17
Suppose 741 = 5*a + 4*k + 572, 3*k + 63 = 2*a. What is the remainder when 913 is divided by a?
22
Let o be 6/((-4)/(-8)*(-6)/(-54)). Calculate the remainder when 198 is divided by 122/3 + (-72)/o.
38
Suppose -271 = -34*z + 137. Suppose 5*k = -0*k + 4140. Suppose z*m = -0*m + k. What is the remainder when m is divided by 19?
12
Suppose 0 = -4*i - 8, -28 + 9 = -5*s - 18*i. Let p(y) = y**2 + y + 2. Calculate the remainder when p(-6) is divided by s.
10
Calculate the remainder when ((-3438)/6)/(5 + -6) is divided by 51.
12
Let r be 2/3 + 121/(-33) + 5. Suppose 0 = -13*l + r*l + 847. What is the remainder when 769 is divided by l?
76
Let f(o) = -o**2 - 11*o - 8. Let b = -383 - -528. Let i = b + -79. Calculate the remainder when i is divided by f(-9).
6
Suppose 0 = -18*g + 67*g - 47775. What is the remainder when g is divided by 122?
121
Suppose -36*o + 232*o - 5249 = 15*o. Suppose 0*r - 5*r = 5*y - 275, -5*y + 222 = 4*r. What is the remainder when r is divided by o?
24
Let j(i) be the third derivative of -4*i**4/3 - 53*i**3/6 + 20*i**2. Calculate the remainder when j(-9) is divided by 14.
11
Let z = 20916 - 20903. What is the remainder when 318 is divided by z?
6
Let g = 8044 + -7992. Calculate the remainder when 1654 is divided by g.
42
Let n(b) = 3*b**3 + 57*b**2 - 4*b + 35. Let m be n(-18). Suppose -m = -60*p + 47*p. What is the remainder when 306 is divided by p?
57
Suppose 2*g = 2*v - 54, -2*v - 3*v + 105 = g. Suppose 3*m - 4*x - 276 = 0, -188 = -4*m - 2*x + 202. What is the remainder when m is divided by v?
8
Let a(g) = 16 - 2*g - 13 - 6. Let p be a(-1). What is the remainder when (-140 + 23)*p*2/6 is divided by 29?
10
Let d be 4/2 - -840 - (-76 - -73). Suppose -21*o = -583 - d. Calculate the remainder when 142 is divided by o.
6
Suppose 2*t + 35 = 4*t - 3*h, -5*t - 2*h + 40 = 0. What is the remainder when 69 is divided by t?
9
Let i = 7743 + -6679. Calculate the remainder when i is divided by 4.
0
Let l(d) = 1 - 4 - 7*d + 5*d. Let v be l(-3). Suppose -v*o - 3 = -4*z, -3*z = -z + 5*o - 21. What is the remainder when z is divided by 3?
0
Let b be 0 - 17 - -15*(-4)/(-20). Suppose 0 = -g + 2*u + 27, 3*g + 2*g - 70 = -3*u. Calculate the remainder when 675/10 - (-7)/b is divided by g.
16
Suppose -2*g + 6 = -4, 2*g = 3*d + 274. Calculate the remainder when 12 is divided by 10*(-9)/(-450) - d/10.
3
Suppose 2*g = -2*n + 30, -3*g + 11 + 34 = -9*n. What is the remainder when 21 is divided by g?
6
Suppose 0 = 133*q - 136*q - 498. Let l = -62 - q. Calculate the remainder when l is divided by 55.
49
Let a = -2451 - -3506. Calculate the remainder when a is divided by 16.
15
Suppose -4*f - 41 = -q, 2*q = -3*f - 0*f + 38. Let m(c) = 2*c**2 + 11*c + 193. Let l be m(-10). Let u = l - 269. Calculate the remainder when q is divided by u.
11
Suppose 4*r + 77 = 3*j + 9*r, -3*j + 5*r + 37 = 0. What is the remainder when 1290 is divided by j?
17
Let n = 2340 - -928. Calculate the remainder when n is divided by 30.
28
Suppose -3*p + 9 = 0, -2*p - 8 = 2*o - 18. Suppose 193 = o*m - 5*i, 286 = m + 2*m - 4*i. Calculate the remainder when m is divided by 16.
14
Suppose -36 = -10*o + 64. Calculate the remainder when 1368 is divided by o.
8
Let f = 122 + 19. Let j = 725 + -713. What is the remainder when f is divided by j?
9
Let s(b) = 35*b**2 + 177*b + 22. Calculate the remainder when 72 is divided by s(-5).
0
Let i = 4021 + -3600. What is the remainder when i is divided by 27?
16
Let a(v) = -v**2 - 5*v + 22. Let h = 2 - -43. Calculate the remainder when h is divided by a(-6).
13
Suppose -134*l = 21*l - 1180 - 835. Calculate the remainder when 8590 is divided by l.
10
Suppose 3*y = -21*w + 22*w - 190, 2*y = 0. Let k = -57 - -91. Suppose 194 = 5*c + k. Calculate the remainder when w is divided by c.
30
Let f = -108 + 125. Let p(a) = -2*a. Calculate the remainder when p(-30) is divided by f.
9
Suppose 11*m - 19 = 10*m. Suppose 0 = -m*b + 14*b + 440. Suppose -5*a + w = -145, 4*a - 16*w = -11*w + 95. Calculate the remainder when b is divided by a.
28
Let k(y) = -y**3 - 6*y**2 - 22*y + 129. What is the remainder when k(0) is divided by 69?
60
Let d(s) = -82*s + 1. Suppose -5*k - 14*k + 1835 = -5*k + 1443. Calculate the remainder when d(-2) is divided by k.
25
Suppose 0 = -2*b + 21*z - 24*z + 959, 2*b + 5*z - 957 = 0. Calculate the remainder when 486 is divided by b.
5
Let d = 4987 - 4985. Suppose 325 = 2*q - 417. Suppose 5*m - q = -d*m. Calculate the remainder when m is divided by 9.
8
Let q(u) = 8*u + 20. Let r = 26 + -23. Suppose 0 = r*d + c + c - 102, 4*d - 136 = 3*c. What is the remainder when d is divided by q(-2)?
2
Let l(j) = -12*j - 390. What is the remainder when 104 is divided by l(-35)?
14
Let r(y) = 2*y**2 - 12*y + 23. Suppose -12*x - 35 = -71. Calculate the remainder when 15 is divided by r(x).
0
Let x(n) = 152 + 106 + 58 + 19*n - 121. What is the remainder when x(0) is divided by 49?
48
Suppose 94*t + 105*t = 72*t + 8890. What is the remainder when 260 is divided by t?
50
Let k = 127 + -119. Suppose -66 = 6*w - 8*w. Suppose -24 = w*d - 36*d. Calculate the remainder when k is divided by d.
0
Let p(m) = 57*m - 19. Calculate the remainder when p(11) is divided by (-2322)/(-38) - -3*(-6)/171.
59
Let g = 61 - 56. Suppose -g*a = -5*r + 540, -4*r = -2*a + 3*a - 442. Calculate the remainder when r is divided by -1*((-40 - 1) + 4).
36
Let s = 185 + -58. What is the remainder when s is divided by ((-585)/(-6) - -3)*((-990)/135 - (-1 + -7))?
60
Let m(o) = 516*o**2 - 10*o - 5. Calculate the remainder when m(-3) is divided by 16.
13
Let r(z) = z**2 - 36 + 4*z + 33 + 0*z**2. Let p be r(-3). Let x(c) = -c**3 - 10*c**2 - 25*c. What is the remainder when 9 is divided by x(p)?
3
Suppose -2*v = -2*q + 110, 0*q - 130 = -2*q - 3*v. Let u = q - 58. What is the remainder when 82 is divided by 3/(51/42 - u)?
12
Let t = -65 + 34. Let u = 48 + t. Suppose 6*d = 3*r - 327, 3*r + 7*d - 336 = 10*d. Calculate the remainder when r is divided by u.
13
Let v(u) be the first derivative of u**3/3 - 5*u**2/2 + 73. Calculate the remainder when 52 is divided by v(6).
4
Let g(l) = 32*l - 817. Calculate the remainder when g(42) is divided by 100.
27
Let l = -125 - -129. Let n = 254 + -74. Suppose -14*b + n = 68. Calculate the remainder when b is divided by l.
0
Suppose -16*x + 5*x = 11. What is the remainder when -5 + x - -2 - -51 is divided by (-69)/(-6) + (-1)/(-2)?
11
Let t = 4008 - 2445. Calculate the remainder when t is divided by 774.
15
Let o(x) = 5*x**2 - 16*x - 6. Let s(t) = -t**3 + 18*t**2 - 17*t + 5. Let w be s(17). What is the remainder when o(w) is divided 